
2, 277
What are the prime factors of 36439?
13, 2803
What are the prime factors of 6979?
7, 997
What are the prime factors of 2797?
2797
What are the prime factors of 1204?
2, 7, 43
List the prime factors of 243.
3
What are the prime factors of 13986?
2, 3, 7, 37
What are the prime factors of 34020?
2, 3, 5, 7
List the prime factors of 18526.
2, 59, 157
List the prime factors of 8643.
3, 43, 67
List the prime factors of 2552.
2, 11, 29
What are the prime factors of 265?
5, 53
What are the prime factors of 24725?
5, 23, 43
List the prime factors of 93692.
2, 59, 397
List the prime factors of 89089.
7, 11, 13, 89
What are the prime factors of 8637?
3, 2879
What are the prime factors of 528?
2, 3, 11
What are the prime factors of 6353?
6353
What are the prime factors of 49535?
5, 9907
List the prime factors of 1106.
2, 7, 79
List the prime factors of 77781.
3, 11, 2357
What are the prime factors of 7588?
2, 7, 271
What are the prime factors of 93677?
113, 829
What are the prime factors of 603?
3, 67
List the prime factors of 122529.
3, 11, 47, 79
List the prime factors of 27708.
2, 3, 2309
What are the prime factors of 9120?
2, 3, 5, 19
What are the prime factors of 1739?
37, 47
What are the prime factors of 41911?
41911
What are the prime factors of 11561?
11, 1051
What are the prime factors of 2079?
3, 7, 11
What are the prime factors of 1197?
3, 7, 19
What are the prime factors of 8062?
2, 29, 139
What are the prime factors of 4997?
19, 263
What are the prime factors of 1062?
2, 3, 59
What are the prime factors of 607?
607
What are the prime factors of 1749?
3, 11, 53
What are the prime factors of 29985?
3, 5, 1999
What are the prime factors of 13156?
2, 11, 13, 23
What are the prime factors of 177610?
2, 5, 17761
List the prime factors of 23382.
2, 3, 433
List the prime factors of 46373.
79, 587
List the prime factors of 1045.
5, 11, 19
List the prime factors of 11057.
11057
List the prime factors of 75105.
3, 5, 1669
List the prime factors of 1068.
2, 3, 89
List the prime factors of 74757.
3, 24919
What are the prime factors of 16216?
2, 2027
List the prime factors of 2096.
2, 131
List the prime factors of 5521.
5521
What are the prime factors of 554?
2, 277
List the prime factors of 37278.
2, 3, 19, 109
What are the prime factors of 6875?
5, 11
List the prime factors of 86240.
2, 5, 7, 11
List the prime factors of 724.
2, 181
List the prime factors of 2652.
2, 3, 13, 17
What are the prime factors of 38840?
2, 5, 971
List the prime factors of 607.
607
List the prime factors of 39553.
37, 1069
List the prime factors of 40078.
2, 29, 691
List the prime factors of 510.
2, 3, 5, 17
List the prime factors of 1224.
2, 3, 17
List the prime factors of 6001.
17, 353
List the prime factors of 1187.
1187
List the prime factors of 600.
2, 3, 5
What are the prime factors of 31584?
2, 3, 7, 47
List the prime factors of 65653.
7, 83, 113
List the prime factors of 56750.
2, 5, 227
List the prime factors of 168031.
113, 1487
What are the prime factors of 8759?
19, 461
What are the prime factors of 120843?
3, 29, 463
What are the prime factors of 30222?
2, 3, 23, 73
List the prime factors of 36407.
7, 743
What are the prime factors of 62655?
3, 5, 4177
List the prime factors of 1819.
17, 107
What are the prime factors of 131997?
3, 23, 1913
What are the prime factors of 29879?
29879
What are the prime factors of 54540?
2, 3, 5, 101
List the prime factors of 332.
2, 83
What are the prime factors of 3299?
3299
List the prime factors of 2860.
2, 5, 11, 13
List the prime factors of 13451.
13451
What are the prime factors of 2684?
2, 11, 61
List the prime factors of 3873.
3, 1291
List the prime factors of 1035.
3, 5, 23
What are the prime factors of 1074?
2, 3, 179
List the prime factors of 146506.
2, 17, 31, 139
What are the prime factors of 525?
3, 5, 7
List the prime factors of 3693.
3, 1231
List the prime factors of 35432.
2, 43, 103
List the prime factors of 99555.
3, 5, 6637
List the prime factors of 766.
2, 383
List the prime factors of 1034.
2, 11, 47
What are the prime factors of 14598?
2, 3, 811
What are the prime factors of 7996?
2, 1999
List the prime factors of 7641.
3, 283
What are the prime factors of 200840?
2, 5, 5021
List the prime factors of 12967.
12967
What are the prime factors of 5810?
2, 5, 7, 83
List the prime factors of 3926.
2, 13, 151
What are the prime factors of 562?
2, 281
List the prime factors of 739.
739
What are the prime factors of 5541?
3, 1847
What are the prime factors of 606?
2, 3, 101
List the prime factors of 573.
3, 191
List the prime factors of 558.
2, 3, 31
What are the prime factors of 5403?
3, 1801
What are the prime factors of 997?
997
List the prime factors of 54348.
2, 3, 7, 647
List the prime factors of 130196.
2, 11, 269
What are the prime factors of 427?
7, 61
What are the prime factors of 56487?
3, 19, 991
List the prime factors of 70675.
5, 11, 257
What are the prime factors of 39396?
2, 3, 7, 67
What are the prime factors of 151559?
31, 4889
What are the prime factors of 47971?
7, 11, 89
List the prime factors of 16718.
2, 13, 643
What are the prime factors of 3827?
43, 89
List the prime factors of 3206.
2, 7, 229
What are the prime factors of 373?
373
What are the prime factors of 136481?
136481
List the prime factors of 20622.
2, 3, 7, 491
What are the prime factors of 30?
2, 3, 5
What are the prime factors of 4365?
3, 5, 97
What are the prime factors of 24875?
5, 199
What are the prime factors of 27273?
3, 9091
List the prime factors of 141525.
3, 5, 17, 37
What are the prime factors of 14975?
5, 599
What are the prime factors of 1628?
2, 11, 37
What are the prime factors of 26682?
2, 3, 4447
List the prime factors of 47244.
2, 3, 31, 127
List the prime factors of 47735.
5, 9547
List the prime factors of 585.
3, 5, 13
List the prime factors of 521.
521
List the prime factors of 1760.
2, 5, 11
What are the prime factors of 756?
2, 3, 7
What are the prime factors of 743?
743
List the prime factors of 103711.
37, 2803
What are the prime factors of 12700?
2, 5, 127
What are the prime factors of 3304?
2, 7, 59
List the prime factors of 31838.
2, 15919
What are the prime factors of 1578?
2, 3, 263
List the prime factors of 1719.
3, 191
List the prime factors of 16171.
103, 157
What are the prime factors of 5594?
2, 2797
List the prime factors of 433.
433
List the prime factors of 1610.
2, 5, 7, 23
List the prime factors of 35270.
2, 5, 3527
List the prime factors of 22108.
2, 5527
What are the prime factors of 523?
523
What are the prime factors of 469?
7, 67
List the prime factors of 1807.
13, 139
What are the prime factors of 62658?
2, 3, 59
What are the prime factors of 1575?
3, 5, 7
What are the prime factors of 73440?
2, 3, 5, 17
List the prime factors of 2885.
5, 577
List the prime factors of 31145.
5, 6229
List the prime factors of 1388.
2, 347
What are the prime factors of 4095?
3, 5, 7, 13
What are the prime factors of 771?
3, 257
List the prime factors of 4870.
2, 5, 487
What are the prime factors of 15597?
3, 1733
List the prime factors of 336.
2, 3, 7
What are the prime factors of 12800?
2, 5
List the prime factors of 15419.
17, 907
List the prime factors of 933.
3, 311
What are the prime factors of 7473?
3, 47, 53
List the prime factors of 50691.
3, 61, 277
What are the prime factors of 1447?
1447
List the prime factors of 15764.
2, 7, 563
What are the prime factors of 33439?
7, 17, 281
What are the prime factors of 11344?
2, 709
What are the prime factors of 117727?
117727
What are the prime factors of 3301?
3301
List the prime factors of 17122.
2, 7, 1223
What are the prime factors of 33123?
3, 61, 181
List the prime factors of 1698.
2, 3, 283
List the prime factors of 16211.
13, 29, 43
What are the prime factors of 2321?
11, 211
List the prime factors of 3844.
2, 31
What are the prime factors of 149874?
2, 3, 24979
List the prime factors of 64851.
3, 21617
What are the prime factors of 60720?
2, 3, 5, 11, 23
What are the prime factors of 635?
5, 127
What are the prime factors of 3672?
2, 3, 17
List the prime factors of 37670.
2, 5, 3767
What are the prime factors of 308?
2, 7, 11
What are the prime factors of 532?
2, 7, 19
List the prime factors of 26693.
26693
What are the prime factors of